1?
False
Is 10 a factor of 70598?
False
Is 834453 a multiple of 150?
False
Is 300033 a multiple of 17?
True
Is 33 a factor of 3873441?
True
Is 421 a factor of 147350?
True
Does 6 divide 2121103?
False
Is 9 a factor of 222318?
True
Is 26 a factor of 1987555?
False
Does 13 divide 736961?
False
Is 538920 a multiple of 499?
True
Does 7 divide 13678?
True
Is 68634 a multiple of 279?
True
Is 208513 a multiple of 55?
False
Does 12 divide 147197?
False
Is 295 a factor of 101550?
False
Is 254 a factor of 3675075?
False
Is 58259 a multiple of 5?
False
Is 29 a factor of 4117179?
False
Is 45847 a multiple of 26?
False
Is 62050 a multiple of 26?
False
Is 485397 a multiple of 11?
True
Is 96914 a multiple of 3?
False
Is 69 a factor of 193752?
True
Is 301 a factor of 205547?
False
Does 5 divide 265512?
False
Is 11 a factor of 165821?
False
Is 23 a factor of 403857?
True
Does 25 divide 444658?
False
Is 1190 a factor of 3627120?
True
Is 11 a factor of 31167?
False
Is 268 a factor of 219224?
True
Is 23 a factor of 3751300?
True
Does 63 divide 201759?
False
Does 19 divide 13554?
False
Is 146 a factor of 6094828?
False
Is 101115 a multiple of 135?
True
Is 194 a factor of 2645986?
False
Is 54 a factor of 4464180?
True
Does 21 divide 14107989?
True
Is 10 a factor of 40870?
True
Is 24 a factor of 3380587?
False
Does 42 divide 111682?
False
Does 362 divide 5068?
True
Is 374679 a multiple of 35?
False
Is 97538 a multiple of 15?
False
Is 12 a factor of 642996?
True
Does 120 divide 250063?
False
Does 207 divide 4710592?
False
Is 16 a factor of 8881166?
False
Is 273 a factor of 1072380?
False
Is 6 a factor of 209676?
True
Is 844009 a multiple of 40?
False
Is 62918 a multiple of 326?
True
Is 296125 a multiple of 64?
False
Is 10574642 a multiple of 16?
False
Is 200199 even?
False
Is 197 a factor of 1404807?
True
Is 1100880 a multiple of 40?
True
Is 62992 a multiple of 20?
False
Is 403898 a multiple of 15?
False
Is 37 a factor of 153957?
True
Is 44 a factor of 11787421?
False
Is 388 a factor of 2553423?
False
Is 250208 a multiple of 7?
True
Is 34 a factor of 3163292?
True
Does 320 divide 335680?
True
Does 66 divide 1130580?
True
Is 832951 a multiple of 525?
False
Is 125289 a multiple of 61?
False
Is 1217958 a multiple of 21?
True
Does 342 divide 849186?
True
Is 30937973 a multiple of 38?
False
Is 103413 a multiple of 178?
False
Does 89 divide 25534011?
True
Does 355 divide 435230?
True
Is 555606 a multiple of 27?
True
Is 18 a factor of 488597?
False
Is 2741787 a multiple of 279?
False
Is 72 a factor of 1914464?
False
Is 48792 a multiple of 29?
False
Does 39 divide 365976?
True
Is 16813 a multiple of 23?
True
Is 4 a factor of 11777?
False
Is 101475 a multiple of 24?
False
Is 400924 a multiple of 452?
True
Does 72 divide 7871288?
False
Is 359840 a multiple of 160?
True
Is 1058316 a multiple of 843?
False
Is 125801 a multiple of 11?
False
Is 55 a factor of 1698511?
False
Is 144206 a multiple of 2?
True
Is 86 a factor of 370144?
True
Is 69 a factor of 10508286?
True
Is 322 a factor of 6981926?
True
Is 10 a factor of 881358?
False
Does 45 divide 611665?
False
Does 378 divide 435268?
False
Is 48 a factor of 126432?
True
Does 198 divide 3727899?
False
Does 20 divide 117618?
False
Is 502 a factor of 6949222?
False
Is 242328 a multiple of 276?
True
Does 21 divide 3543023?
False
Is 1082972 a multiple of 326?
True
Is 20 a factor of 291480?
True
Does 499 divide 821853?
True
Does 17 divide 395169?
False
Does 314 divide 3140942?
True
Does 24 divide 219984?
True
Is 17 a factor of 434289?
False
Is 3 a factor of 33482?
False
Is 489089 a multiple of 12?
False
Is 13 a factor of 24759?
False
Does 103 divide 143582?
True
Does 17 divide 125613?
True
Does 37 divide 672446?
False
Is 28 a factor of 731752?
True
Is 3469358 a multiple of 27?
False
Is 480 a factor of 744876?
False
Is 18 a factor of 926118?
True
Does 22 divide 178750?
True
Is 9118488 a multiple of 1268?
False
Is 994 a factor of 2324966?
True
Is 64 a factor of 8995694?
False
Is 237478 a multiple of 29?
False
Is 21 a factor of 503002?
False
Does 17 divide 3128697?
True
Does 885 divide 6527327?
False
Does 360 divide 54501?
False
Does 116 divide 510168?
True
Does 9 divide 23706?
True
Does 788 divide 1273807?
False
Is 7 a factor of 141360?
False
Is 1158918 a multiple of 791?
False
Is 43 a factor of 9632?
True
Is 1727895 a multiple of 11?
False
Is 210537 a multiple of 29?
False
Is 174 a factor of 2598690?
True
Is 26 a factor of 12600235?
False
Is 8 a factor of 7949692?
False
Is 75 a factor of 3193034?
False
Is 147 a factor of 181545?
True
Is 8 a factor of 141973?
False
Is 62 a factor of 13859571?
False
Is 640 a multiple of 29?
False
Is 2106 a factor of 10875384?
True
Does 270 divide 1985925?
False
Is 158 a factor of 2460868?
False
Does 10 divide 66720?
True
Does 75 divide 1192380?
False
Is 783 a factor of 2564325?
True
Is 12241503 a multiple of 303?
True
Is 61 a factor of 13328?
False
Does 67 divide 6141249?
False
Does 9 divide 2854236?
False
Does 4 divide 42440?
True
Is 428597 a multiple of 44?
False
Is 36 a factor of 5558102?
False
Is 10 a factor of 57850?
True
Is 164 a factor of 1192?
False
Does 43 divide 34443?
True
Does 73 divide 149504?
True
Does 982 divide 2611150?
False
Does 8 divide 1626728?
True
Is 34 a factor of 401717?
False
Is 563374 a multiple of 8?
False
Does 32 divide 930919?
False
Is 178071 a multiple of 102?
False
Is 896168 a multiple of 9?
False
Is 8766762 a multiple of 10?
False
Is 9 a factor of 1359819?
True
Is 14 a factor of 1982638?
True
Is 273306 a multiple of 38?
False
Does 149 divide 1379714?
False
Is 43 a factor of 822461?
True
Does 995 divide 5408804?
False
Does 28 divide 46143?
False
Does 20 divide 5002864?
False
Is 476253 a multiple of 279?
True
Is 416 a factor of 6397697?
False
Is 49939 a multiple of 6?
False
Is 2250 a factor of 549000?
True
Does 123 divide 882894?
True
Does 27 divide 12836394?
True
Does 23 divide 6034096?
True
Is 423839 a multiple of 19?
False
Does 11 divide 8658548?
False
Does 9 divide 15003?
True
Does 109 divide 2077976?
True
Does 4 divide 3600640?
True
Is 101 a factor of 5891490?
False
Does 7 divide 559460?
False
Does 77 divide 2622?
False
Does 8 divide 6014?
False
Does 40 divide 230960?
True
Is 932184 a multiple of 321?
True
Is 10 a factor of 365278?
False
Does 205 divide 7883112?
False
Is 2 a factor of 190?
True
Does 45 divide 5808533?
False
Does 212 divide 10588433?
False
Is 87 a factor of 987711?
True
Does 20 divide 3828660?
True
Is 1636145 a multiple of 5?
True
Is 81072 a multiple of 36?
True
Is 63 a factor of 1670716?
False
Does 67 divide 283142?
True
Is 83 a factor of 116947?
True
Is 1571922 a multiple of 66?
True
Does 9 divide 989501?
False
Does 9 divide 412877?
False
Is 271 a factor of 813000?
True
Is 118 a factor of 106554?
True
Does 907 divide 2307950?
False
Is 2480832 a multiple of 236?
True
Is 419099 a multiple of 281?
False
Does 32 divide 24852?
False
Does 12 divide 919617?
False
Does 144 divide 987888?
False
Is 454986 a multiple of 26?
False
Is 477856 a multiple of 16?
True
Does 258 divide 5174664?
False
Is 12 a factor of 160513?
False
Is 986244 a multiple of 187?
False
Does 24 divide 90264?
True
Is 107 a factor of 318281?
False
Is 75884 a multiple of 61?
True
Does 6 divide 3654336?
True
Is 281463 a multiple of 273?
True
Is 25926 a multiple of 58?
True
Is 145105 a multiple of 79?
False
Is 119 a factor of 2826485?
False
Is 377 a multiple of 3?
False
Is 30 a factor of 3106004?
False
Does 14 divide 759206?
True
Is 20385 a multiple of 3?
True
Is 39643 a multiple of 2?
False
Is 2174775 a multiple of 321?
True
Does 366 divide 160448?
False
Is 705 a factor of 10731136?
False
Is 102 a factor of 1365168?
True
Is 975918 a multiple of 8?
False
Is 199 a factor of 53731?
False
Is 389 a factor of 483841?
False
Does 14 divide 433440?
True
Is 31746 a multiple of 10?
False
Is 405942 a multiple of 234?
False
Is 173456 a multiple of 296?
True
Does 7 divide 2078643?
True
Is 17570 a multiple of 10?
True
Is 398172 a multiple of 477?
False
Does 118 divide 206382?
True
Does 288 divide 12008736?
True
Is 20215 a multiple of 311?
True
Does 808 divide 594688?
True
Is 116 a factor of 181360?
False
Is 27 a factor of 1370654?
False
Is 1779986 a multiple of 307?
True
Is 142 a factor of 99680?
False
Does